f 15?
True
Is 2 a factor of 100?
True
Does 23 divide 2048?
False
Is 1306 a multiple of 80?
False
Does 93 divide 10123?
False
Does 7 divide 1927?
False
Is 21 a factor of 25737?
False
Is 17 a factor of 49895?
True
Is 81549 a multiple of 533?
True
Is 120 a multiple of 24?
True
Is 40 a factor of 477?
False
Is 28 a factor of 12539?
False
Is 619 a multiple of 16?
False
Is 1057 a multiple of 24?
False
Is 46035 a multiple of 93?
True
Does 2 divide 38?
True
Is 14 a factor of 56350?
True
Is 26 a factor of 11934?
True
Is 121308 a multiple of 22?
True
Does 193 divide 154635?
False
Is 676 a multiple of 8?
False
Is 3326 a multiple of 15?
False
Does 7 divide 1756?
False
Does 25 divide 825?
True
Is 17766 a multiple of 63?
True
Is 1273 a multiple of 15?
False
Is 60 a factor of 2820?
True
Does 8 divide 1568?
True
Is 1038 a multiple of 6?
True
Is 11865 a multiple of 113?
True
Is 2571 a multiple of 71?
False
Is 13570 a multiple of 5?
True
Is 147 a multiple of 140?
False
Does 37 divide 1048?
False
Is 126 a multiple of 18?
True
Is 25688 a multiple of 169?
True
Does 8 divide 2008?
True
Is 10 a factor of 1870?
True
Is 8 a factor of 4544?
True
Does 125 divide 2500?
True
Does 48 divide 288?
True
Is 44 even?
True
Is 3653 a multiple of 22?
False
Does 35 divide 7338?
False
Is 107 a factor of 2981?
False
Is 54240 a multiple of 113?
True
Does 89 divide 890?
True
Does 21 divide 48765?
False
Does 13 divide 33878?
True
Is 68910 a multiple of 15?
True
Is 48 a factor of 183?
False
Does 98 divide 33948?
False
Does 12 divide 5484?
True
Does 4 divide 1808?
True
Is 9 a factor of 247?
False
Does 22 divide 410?
False
Is 1974 a multiple of 141?
True
Is 642 a multiple of 19?
False
Does 5 divide 1245?
True
Does 117 divide 10378?
False
Does 4 divide 953?
False
Is 3091 a multiple of 11?
True
Is 41 a factor of 5248?
True
Does 16 divide 608?
True
Is 7 a factor of 280?
True
Does 80 divide 3972?
False
Does 57 divide 12084?
True
Is 2504 a multiple of 123?
False
Does 288 divide 103944?
False
Does 4 divide 17820?
True
Does 4 divide 523?
False
Is 3 a factor of 3?
True
Does 7 divide 38542?
True
Is 12 a factor of 1956?
True
Does 65 divide 3237?
False
Is 89 a factor of 3046?
False
Is 9 a factor of 3250?
False
Does 19 divide 703?
True
Is 752 a multiple of 8?
True
Is 17 a factor of 1366?
False
Does 2 divide 140?
True
Is 26 a factor of 1794?
True
Is 34 a factor of 272?
True
Is 23 a factor of 6371?
True
Is 600 a multiple of 60?
True
Does 17 divide 5390?
False
Is 67356 a multiple of 12?
True
Is 21 a factor of 630?
True
Is 5712 a multiple of 48?
True
Is 77 a factor of 27528?
False
Is 1388 a multiple of 4?
True
Is 4 a factor of 205?
False
Is 7956 a multiple of 17?
True
Does 254 divide 12192?
True
Is 4520 a multiple of 113?
True
Does 39 divide 6123?
True
Is 27996 a multiple of 6?
True
Is 30270 a multiple of 19?
False
Is 4237 a multiple of 3?
False
Is 21000 a multiple of 42?
True
Does 20 divide 227?
False
Is 968 a multiple of 44?
True
Is 33033 a multiple of 21?
True
Does 4 divide 168?
True
Does 3 divide 3510?
True
Does 5 divide 1319?
False
Does 15 divide 780?
True
Does 2 divide 1074?
True
Is 581 a multiple of 11?
False
Does 53 divide 65243?
True
Is 1998 a multiple of 43?
False
Is 14 a factor of 18179?
False
Does 25 divide 6461?
False
Is 9 a factor of 2496?
False
Is 610 a multiple of 33?
False
Does 26 divide 71437?
False
Is 6 a factor of 1032?
True
Does 36 divide 602?
False
Is 242 a multiple of 4?
False
Does 12 divide 1140?
True
Is 949 a multiple of 19?
False
Does 11 divide 4639?
False
Is 32 a factor of 6100?
False
Is 1384 a multiple of 9?
False
Is 39689 a multiple of 71?
True
Is 8 a factor of 49392?
True
Does 9 divide 477?
True
Is 616 a multiple of 56?
True
Is 184 a multiple of 8?
True
Is 275 a multiple of 16?
False
Is 20 a factor of 3308?
False
Is 9918 a multiple of 58?
True
Is 3040 a multiple of 13?
False
Is 122 a factor of 2928?
True
Is 17 a factor of 54?
False
Does 10 divide 12470?
True
Does 53 divide 2597?
True
Does 6 divide 180?
True
Does 14 divide 4955?
False
Is 120 a multiple of 24?
True
Does 120 divide 15600?
True
Is 3330 a multiple of 70?
False
Does 24 divide 9289?
False
Is 14 a factor of 170?
False
Is 8359 a multiple of 13?
True
Does 30 divide 168?
False
Is 1190 a multiple of 5?
True
Does 6 divide 678?
True
Is 14059 a multiple of 17?
True
Is 2432 a multiple of 67?
False
Is 46 a factor of 1656?
True
Is 118 a factor of 8968?
True
Is 232 a multiple of 29?
True
Is 19 a factor of 6897?
True
Is 2988 a multiple of 12?
True
Is 850 a multiple of 109?
False
Does 39 divide 1014?
True
Is 64172 a multiple of 122?
True
Is 94131 a multiple of 9?
True
Is 5 a factor of 158?
False
Is 18 a factor of 14562?
True
Does 15 divide 435?
True
Is 6082 a multiple of 7?
False
Does 5 divide 2360?
True
Is 39252 a multiple of 29?
False
Does 11 divide 11?
True
Does 30 divide 13004?
False
Is 1519 a multiple of 49?
True
Is 9164 a multiple of 12?
False
Is 4 a factor of 346?
False
Is 407 a multiple of 37?
True
Is 3531 a multiple of 111?
False
Is 69 a multiple of 2?
False
Is 29780 a multiple of 10?
True
Does 29 divide 441?
False
Is 15 a factor of 435?
True
Does 9 divide 2515?
False
Does 57 divide 6965?
False
Does 29 divide 1496?
False
Is 77 a multiple of 20?
False
Is 6578 a multiple of 23?
True
Is 35 a factor of 2559?
False
Does 31 divide 496?
True
Is 3 a factor of 7269?
True
Does 297 divide 63564?
False
Is 9588 a multiple of 188?
True
Is 21 a factor of 1159?
False
Is 3447 a multiple of 10?
False
Is 256 a multiple of 50?
False
Does 52 divide 995?
False
Is 1535 a multiple of 42?
False
Is 455 a multiple of 16?
False
Is 11907 a multiple of 21?
True
Is 3 a factor of 21974?
False
Is 40 a factor of 34949?
False
Is 22 a factor of 3322?
True
Is 166 a factor of 6806?
True
Does 51 divide 9496?
False
Is 75 a factor of 11925?
True
Is 76279 a multiple of 29?
False
Is 1564 a multiple of 17?
True
Does 8 divide 5512?
True
Is 4134 a multiple of 106?
True
Is 40600 a multiple of 40?
True
Is 196 a multiple of 13?
False
Is 5 a factor of 2353?
False
Does 80 divide 8480?
True
Is 94 a factor of 2538?
True
Is 10589 a multiple of 24?
False
Does 33 divide 759?
True
Is 25 a factor of 1626?
False
Is 11 a factor of 154?
True
Is 663 a multiple of 39?
True
Is 1328 a multiple of 20?
False
Does 3 divide 1433?
False
Is 237 a multiple of 47?
False
Is 16 a factor of 43456?
True
Does 44 divide 124253?
False
Does 24 divide 758?
False
Is 30 a factor of 2005?
False
Does 131 divide 131?
True
Is 9277 a multiple of 4?
False
Is 50 a factor of 14085?
False
Does 26 divide 1700?
False
Does 7 divide 394?
False
Does 141 divide 423?
True
Is 3039 a multiple of 13?
False
Does 7 divide 561?
False
Is 556 a multiple of 17?
False
Is 164 a factor of 21320?
True
Does 90 divide 1530?
True
Does 28 divide 476?
True
Is 108 a factor of 216?
True
Does 13 divide 582?
False
Is 42 a factor of 23305?
False
Does 10 divide 1640?
True
Is 23408 a multiple of 8?
True
Is 34 a factor of 6657?
False
Does 72 divide 148?
False
Does 5 divide 14096?
False
Is 105545 a multiple of 261?
False
Does 9 divide 579?
False
Is 16947 a multiple of 76?
False
Does 53 divide 2597?
True
Is 2625 a multiple of 85?
False
Is 5 a factor of 1361?
False
Is 6 a factor of 68124?
True
Does 10 divide 7446?
False
Is 1367 a multiple of 17?
False
Is 1298 a multiple of 22?
True
Is 1056 a multiple of 12?
True
Is 89829 a multiple of 27?
True
Does 13 divide 1861?
False
Is 82 a factor of 3362?
True
Does 22 divide 2772?
True
Is 98 a factor of 36569?
False
Is 107 a multiple of 26?
False
Does 24 divide 1140?
False
Is 15 a factor of 17010?
True
Is 27548 a multiple of 142?
True
Is 2108 a multiple of 53?
False
Is 9 a factor of 8028?
True
Is 15 a factor of 50941?
False
Is 7932 a multiple of 18?
False
Is 552 a multiple of 68?
False
Is 14 a factor of 2925?
False
Is 61 a factor of 12351?
False
Does 21 divide 252?
True
Is 98 a factor of 2340?
False
Is 21 a factor of 1659?
True
Is 948 a multiple of 17?
False
Does 9 divide 62441?
False
Does 7 divide 21224?
True
Is 31234 a multiple of 194?
True
Does 37 divide 259?
True
Is 67087 a multiple of 107?
False
Is 18 a factor of 432?
True
Does 7 divide 31?
False
Is 88 a factor of 437?
False
Is 1404 a multiple of 18?
True
Is 5107 a multiple of 4?
False
Is 66 a factor of 132?
True
Is 4421 a multiple of 80?
False
Does 